*3 + 5*s**2 + 5. Let m(n) = 15*n**3 - 10*n**2 + n - 10. Let d(z) = 6*m(z) + 13*u(z). Let x = -2 - -8. Determine d(x).
5
Let h(g) = g**2. Suppose 2*a + 2*a = 3*z + 41, -4*a + z + 35 = 0. Let u be (-4)/a + 14/4. Calculate h(u).
9
Let a(r) = 4*r**2 + 6*r + 4. Let s(v) = -11*v**2 - 18*v - 12. Let l(o) = -8*a(o) - 3*s(o). Suppose 3*f - 20 = 2*j, 12 = 5*j - 2*f + 40. Determine l(j).
-4
Let c(p) = p**2 - 8*p + 9. Let x be c(7). Let g = 9 + -7. Suppose 3*a + 5*j + 35 = 0, x*a - 8 = 5*j + g. Let w(l) = -l**2 - 4*l + 6. What is w(a)?
1
Let x(v) be the first derivative of v**3/3 - 2*v - 1. Let d be ((-24)/(-16) - 3)*(2 + 0). Calculate x(d).
7
Let o(f) = f**2 + 2*f - 13. Let r(k) = 3*k**2 + 5*k - 38. Let g(z) = -8*o(z) + 3*r(z). Suppose 4*v + 8 = 6*v - 2*m, 5*v + 16 = -4*m. What is g(v)?
-10
Let v(s) = s**3 - 6*s**2 - 11*s + 6. Let y be v(7). Let f be 3/15 - y/(-10). Let z(r) = -r**2 - 2 + r**2 + 2*r**2. Determine z(f).
6
Suppose -4*k + k = 9. Let a = -3 + 5. Let h(g) = g**2 - a - 3 + g + 2. Calculate h(k).
3
Let r(g) = 11*g**3 + 8*g**2 - 14*g - 8. Let d(j) = -4*j**3 - 3*j**2 + 5*j + 3. Let a be -9*(3 - (-24)/(-9)). Let o(p) = a*r(p) - 8*d(p). What is o(2)?
-4
Let l = -11 + 17. Let j = 7 - l. Let a(y) = 7*y**2 + y. What is a(j)?
8
Suppose 3*r = -2*r + 10. Let d(g) = g - 1. Suppose k + 10 = -5*l, -7*k + 2*k + 19 = 2*l. Let p(q) = -q + 1. Let n(v) = l*p(v) - d(v). Give n(r).
2
Let v(q) = -2*q**2 - 1 + q + q**3 - 1 - 2*q**3. Let l(d) = -d**3 + d**2 - d + 2. Let w be l(2). Let j be w/5*(-15)/(-6). Determine v(j).
-4
Let p(n) be the third derivative of -1/120*n**5 - 1/8*n**4 + 2*n**2 + 0 + 0*n - 1/2*n**3. Let i(o) be the first derivative of p(o). Give i(0).
-3
Let a(v) be the second derivative of -v**3/6 + v**2/2 - v. Give a(-1).
2
Let r(j) = j - 10. Suppose -10 = y - 3*y. What is r(y)?
-5
Let l(q) = 3*q + 4*q + 6*q**2 + 16 - q**3 - 21. What is l(7)?
-5
Let m(j) be the first derivative of j**3/3 + 3*j**2/2 - 5*j - 49. Suppose -3*z - 3 - 15 = 0. Calculate m(z).
13
Let w be ((-1)/(-3))/(2/30). Suppose 2*c + w*z + 19 = 0, z - 3 = 3*c - 0. Let x be ((-4)/6)/(c/15). Let j(l) = -l**3 + 4*l**2 + 7*l - 5. What is j(x)?
5
Suppose -8 = -m - m. Let t(v) = 4*v - v**2 - v - m*v. Give t(1).
-2
Let y(b) = -9*b - 8. Let f(o) = 10*o + 9. Let m(v) = -5*f(v) - 6*y(v). Determine m(-2).
-5
Let d = 16 - 21. Let b(k) = k**2 + 4*k + 1. What is b(d)?
6
Let k(o) = -2 - 4*o - 1 + 1 + o**2. Suppose -3*a + 4*u - 5 = 0, 0 = -3*a - 0*u - 2*u + 25. Suppose -4*p - 8 = -2*n, -p - 4*p = a*n - 20. Calculate k(n).
-2
Suppose 2*m + 20 = 2*g, 0*g = g - 5*m - 18. Suppose -5*c + 2*c + 4*v = g, 5*v = -c + 10. Let f(q) = -q**2 + 2. Calculate f(c).
2
Let v(t) be the first derivative of -3*t + 9*t**2 + 0*t**2 - 4 - 7*t**2. Determine v(3).
9
Let q(k) be the third derivative of k**8/10080 - k**7/1008 + k**6/144 + 3*k**5/20 - 6*k**2. Let w(v) be the third derivative of q(v). Determine w(4).
17
Let w(b) = b**2 - 6*b + 6. Let y(d) = 5*d**2 - 25*d + 25. Let o(r) = -25*w(r) + 6*y(r). Let q be o(1). Let t = 1 - q. Let s(l) = l. Determine s(t).
-4
Suppose 3*j + 9 + 6 = 0, 37 = 2*f - 3*j. Suppose 3*w - 1 = -4*s, 0*w + f = w - 4*s. Let c(n) = -2*n**2 - 1 - 2*n**w + 5*n**3 - 2*n**3 + 2*n. Give c(1).
0
Let b be 1/(1*(-1)/(-2)). Let d(z) = z - z**2 + 48 + z**3 - z - 49. Determine d(b).
3
Let z(f) = -f**2 + f + 2. Suppose 3*k = -52 + 61. Give z(k).
-4
Let w(d) = 3*d - 13. Let z(r) = -r + 2. Let c(p) = w(p) + 4*z(p). Give c(-4).
-1
Let k(g) = 382*g + 4 - 193*g - 191*g. What is k(4)?
-4
Suppose 3*z = 5*u - 24, 2*u = -z - 3 + 6. Suppose -u = -4*j + 3*j. Let v(a) = a**2 - 3*a + 1. Give v(j).
1
Let w(t) be the first derivative of t**4/4 - 7*t**3/3 + 5*t**2/2 + 5. Calculate w(6).
-6
Let t = -6 - -9. Let l(h) = 13 + 2*h - 5*h + 5*h - t*h. Calculate l(0).
13
Let m(l) = -l - l**2 + 4 + 0*l**2 - 6. Suppose 0 = -k + 5*n + 15, 6 = -n - n. Determine m(k).
-2
Let g(j) = -3*j**2 + 7*j - 8. Let x(w) = -w**2 + w - 1. Let m be -8*(-1 - 2)/6. Let c(n) = m*x(n) - g(n). Let v be c(-4). Let a(k) = -k**2 - k + 8. Give a(v).
8
Let x(z) = 2*z**3 + 19*z**2 + 7*z + 17. Let t(i) = -i**3 - 10*i**2 - 3*i - 9. Let w(l) = 5*t(l) + 2*x(l). What is w(-12)?
1
Let d = 1 + 0. Let f be (-6)/(-18)*d*18. Let m(s) = -s + 2. Determine m(f).
-4
Let s(f) be the first derivative of -4/3*f**3 + 1/4*f**4 - 5 - 1/2*f**2 + f. Calculate s(4).
-3
Let g(d) be the third derivative of -d**4/12 - 7*d**3/6 + 10*d**2. Let b(f) = -4*f + 2. Let p be b(2). Determine g(p).
5
Let c(b) = -3*b + 5. Let v be 35/(-7)*(-1)/1. Let x(g) = -2*g + 5. Let j(h) = v*x(h) - 4*c(h). Calculate j(-4).
-3
Suppose 4*a = 10 - 2. Let k(u) = 1. Let v(m) = -m**3 + 2*m**2. Let w(i) = -k(i) + v(i). Calculate w(a).
-1
Let l = 1 + 1. Suppose l = 2*c - 10. Suppose 0 = -2*g + c*g. Let a(s) = -s**3 - s**2 + s - 8. Calculate a(g).
-8
Let j = -5 + 7. Let o(w) = 5*w**j - 5*w + 9 + 4*w**3 - 3*w**3 - 10. Calculate o(-6).
-7
Let l be (-1)/5 + 96/5. Suppose 3*z + l - 7 = 0. Let w(n) = n**2 + 4*n + 1. What is w(z)?
1
Let p(y) = y**3 + 5*y**2 + 2*y - 5. Let a be p(-4). Let s(h) = -2*h**2 - 4 + 6 - a*h**3 + 2*h**3 + h**2. Determine s(0).
2
Let q(m) = -m**2 + 4. Let z(i) = -i - 11. Let g be z(-9). Let y = -2 - g. Determine q(y).
4
Let q = -9 + 5. Let h(g) be the first derivative of 1/4*g**4 + 0*g + g**3 - 3/2*g**2 + 7. What is h(q)?
-4
Let n be (21/(-14))/((-2)/(-4)). Let w(i) be the first derivative of -i**4/4 - 2*i**3/3 + 3*i**2/2 + 3*i + 1. Calculate w(n).
3
Let o(a) = -a**3 + 8*a**2 + 4*a - 7. Let x(w) = -2*w**3 + 15*w**2 + 8*w - 13. Let u(j) = 5*o(j) - 3*x(j). Give u(6).
16
Let b be (2/3)/(6/27). Suppose 2 + 4 = b*l. Let c(k) = -2*k + 1 + 1 + 4*k - 4 + k**l. Give c(-2).
-2
Suppose 22 = -g + 4*g + 4*v, 4*g = -3*v + 20. Let z = 13 - -1. Let r(j) = -z - 4*j - 5*j**2 + j**3 + 6 - g*j. What is r(6)?
-8
Let v(o) = 1 + 12*o**2 - 7*o**2 - 4*o**2 - 3. Let b(y) = -4*y + 3*y**2 - 4*y**2 - 1 + 3. Let f be b(-5). Determine v(f).
7
Let o(z) = -2*z**3 + 2*z**2 + 3*z - 3. Let b = -4 - -13. Let j = b - 7. Give o(j).
-5
Suppose -2 = -g + 4. Let s(r) = -r**3 + 6*r**2 - r + 8. Let a be s(g). Let o be (-1 - 1)*(-3)/a. Let l(y) = -y**2 + 4*y. Calculate l(o).
3
Suppose 0 = -5*v + 3*p + 13, -2*v - 5*p + 3*p + 2 = 0. Let k(r) = 2*r**2 + 2*r - 3. Calculate k(v).
9
Let m(b) = b**2 + 3*b - 1. Let f = -28 - -24. What is m(f)?
3
Let p(l) = -7*l - 1. Let n(h) = -h**2 - 8*h - 9. Let v be n(-6). Suppose 0 = -v*d - 6 - 0. What is p(d)?
13
Let m = -128 - -131. Let c(w) = -w**2 - w - 1. Calculate c(m).
-13
Let h(o) = o**3 + 14*o**2 + 12*o - 5. Let s be h(-13). Suppose -6*g = -s*g - 8. Let c(w) = -4*w - 6. Determine c(g).
10
Let u(x) = x**3 - 3*x**2 - x + 3. Let o(t) = t**3 - 10*t**2 + t - 8. Let v be o(10). Suppose 2*m - 7 = -z, -1 = -3*m + v*z + 6. What is u(m)?
0
Let t(s) = -s**3 + 5*s**2 - 2*s + 2. Let x(f) = f**3 - 5*f**2 + 3*f - 3. Let i(u) = 3*t(u) + 2*x(u). Determine i(5).
0
Let i(l) = l - 3. Let y be (-1)/(-6 + 7 - 4/3). Give i(y).
0
Let l(g) = 2*g**2 + 4*g + 9. Let z(j) = -3*j**2 - 8*j - 17. Let m(p) = 5*l(p) + 3*z(p). What is m(6)?
6
Let m(l) be the second derivative of l**5/20 + 7*l**4/12 + 4*l**3/3 + 4*l**2 - l. Let t(c) = -c**3 - c**2 - c + 7. Let y be t(0). Let p = y - 13. What is m(p)?
-4
Suppose -3*f - f - 16 = 0. Let o(j) = j**2 + 4*j. Suppose 0*h + 5*h = 5. Let x(p) = -1. Let n(s) = h*o(s) + 3*x(s). Calculate n(f).
-3
Let z(b) = -3*b. Let f(u) = u + 1. Let d(a) = 2*f(a) + z(a). Let x be (-3)/(2 + 3/(-2)). Let n = 8 + x. Give d(n).
0
Suppose 0 = -4*l + v + 12, -3*l + 3*v = -7*l + 28. Let g(j) = -4 + j + 8 + l. What is g(-6)?
2
Let z(v) = -3*v**2 + 9. Let s(r) = -2*r**2 + 5. Let b(l) = -5*s(l) + 3*z(l). Suppose -3*i - 5 = 2*t, -4*i - i - 21 = -3*t. What is b(t)?
6
Let o(p) = -5*p - 2. Let l(y) = 9*y + 3. Let z(c) = 3*l(c) + 5*o(c). Suppose 6*n + 3 = 7*n. Calculate z(n).
5
Let n be (-3)/(-9) - 21/72. Let x(j) be the third derivative of -j**2 + n*j**4 + 0*j + 0 + 1/2*j**3. Calculate x(-3).
0
Let k(g) = 4*g + 25. Let o be k(-8). Let p(q) = q + 15. What is p(o)?
8
Let g be -6*(-2)/(-3)*-1. Suppose 5*l + 24 = 2*d, 0*d + 5*l + 26 = 3*d. Let n(f) = 5*f**3 - 7*f**d - 2*f - g*f - 6*f**3 - 2. Calculate n(-6).
-2
Let g = 46/3 - 15. Let m(r) be the first derivative of 2 - 3*r**2 - g*r**3 + 3*r. Give m(-5).
8
Let y be -2 - -1 - (-3 + 0). Let